 What is d(4)?
-231
Let z(f) = f**3 + 12*f**2 + 20*f + 2. Give z(-8).
98
Let s(v) = -3*v**2 - 7*v + 44. Calculate s(6).
-106
Let w(s) = 1401*s**2 + 2807*s + 3. What is w(-2)?
-7
Let x(k) = 21*k - 55. Give x(6).
71
Let a(k) = -21*k - 200. Calculate a(-10).
10
Let c(g) = -g**3 - 11*g**2 - g + 25. Determine c(-8).
-159
Let v(a) = 683*a + 4436. What is v(-6)?
338
Let w(n) = -5*n**3 - 201*n**2 - 43*n - 68. Calculate w(-40).
52
Let s(p) = p**3 + 9*p**2 - 483*p + 49. Determine s(-27).
-32
Let q(c) = 546*c + 4904. Give q(-9).
-10
Let c(u) = -u**3 - 34*u**2 + 26*u - 78. What is c(-35)?
237
Let q(i) = -10*i**3 - 8*i**2 + 3*i. Determine q(-2).
42
Let w(a) = -a**3 + 19*a**2 - 94*a + 64. Give w(11).
-2
Let m(d) = -81*d**3 + 11*d**2 - 10*d. Give m(2).
-624
Let b(a) = -3*a + 46. Calculate b(18).
-8
Let p(z) = z**2 + 33*z - 5. Give p(-14).
-271
Let r(a) = -a**3 - 24*a**2 - 134*a + 7. Calculate r(-15).
-8
Let i(r) = 4*r**2 + 35*r + 75. Determine i(-3).
6
Let l(i) = 110*i + 474. Determine l(-4).
34
Let a(i) = 254*i - 5331. Determine a(21).
3
Let x(h) = -h**3 - 25*h**2 - 64*h + 44. What is x(-22)?
0
Let p(i) = i**2 + 12*i - 36. What is p(11)?
217
Let r(g) = -2*g**2 + 173*g + 2769. Calculate r(-14).
-45
Let o(w) = -45*w + 5. Calculate o(1).
-40
Let k(c) = -c**3 + 65*c**2 + 3764*c - 358. Determine k(-37).
12
Let m(y) = -27*y**2 - 138*y + 3. What is m(-5)?
18
Let p(g) = 15*g**2 + 220*g - 74. What is p(-15)?
1
Let o(r) = r**3 - 31*r**2 + 93*r - 246. Give o(28).
6
Let i(j) = -79*j - 281. Give i(-6).
193
Let k(v) = -v**3 + 6*v**2 - 2*v - 10. Give k(8).
-154
Let q(r) = 4*r + 17. Determine q(8).
49
Let v(j) = -2*j**3 - 22*j**2 + 19*j - 64. Give v(-12).
-4
Let w(i) = -66*i + 1088. Determine w(33).
-1090
Let y(q) = -q**2 + 2242*q - 26758. What is y(12)?
2
Let u(s) = -s**3 - 78*s**2 - s - 78. Give u(-78).
0
Let i(l) = -254*l**3 - l**2 - 3*l + 2. What is i(1)?
-256
Let f(m) = 6*m**3 + 27*m**2 + 9*m + 115. Determine f(-5).
-5
Let q(p) = -84*p - 324. Calculate q(-6).
180
Let d(o) = -130*o - 504. What is d(-4)?
16
Let z(o) = -25*o - 240. Determine z(-7).
-65
Let f(t) = -294*t - 22063. What is f(-75)?
-13
Let i(f) = -8*f**2 - 100*f - 154. Calculate i(-9).
98
Let h(b) = -b**2 + 21*b + 565. What is h(36)?
25
Let r(m) = -70*m**2 + 5*m + 10. Calculate r(-2).
-280
Let f(i) = -3*i**2 - 13*i - 54. Give f(-11).
-274
Let f(h) = h**3 + 15*h**2 + 47*h + 34. Calculate f(-11).
1
Let p(v) = -3*v**2 + 2154*v - 10771. What is p(5)?
-76
Let w(u) = 44*u - 1591. Calculate w(36).
-7
Let n(h) = h**2 - 57*h - 366. What is n(63)?
12
Let h(j) = j**3 + 32*j**2 - 149*j - 133. Determine h(-36).
47
Let h(u) = -u**3 - 19*u**2 - 81*u + 19. Determine h(-7).
-2
Let g(y) = -11*y + 311. What is g(29)?
-8
Let j(w) = 6*w**2 + 24*w - 49. Calculate j(-6).
23
Let v(u) = u**2 - 86*u - 567. What is v(92)?
-15
Let h(u) = u**3 - 5*u**2 - 23*u + 39. Determine h(8).
47
Let s(z) = 16*z + 1093. Determine s(-68).
5
Let q(j) = -59*j - 5769. Give q(-98).
13
Let f(h) = -6*h**2 - 70*h + 537. What is f(-17)?
-7
Let t(d) = -d**2 + 21*d - 121. What is t(11)?
-11
Let f(v) = -v**3 + 23*v**2 + 327*v - 28. Give f(-10).
2
Let m(n) = 37*n + 62. Give m(-1).
25
Let h(x) = -x**3 + 2*x**2 + 5*x - 23. Determine h(4).
-35
Let h(u) = -u**2 + 31*u - 4. Give h(14).
234
Let v(o) = -o**2 - 54*o - 568. What is v(-39)?
17
Let c(t) = 156*t - 2592. Give c(17).
60
Let w(x) = 2*x**3 - 31*x**2 + 59*x + 67. Give w(13).
-11
Let k(h) = -26*h - 874. What is k(-45)?
296
Let n(m) = m**3 - 7*m**2 + m + 50. Calculate n(4).
6
Let z(s) = -9*s**2 + 848*s - 177. What is z(94)?
11
Let s(p) = -229*p - 567. What is s(-2)?
-109
Let s(i) = -2*i**3 - 24*i**2 - 19*i - 26. Give s(-12).
202
Let n(z) = -z**3 - 3*z**2 - 29*z + 93. Give n(3).
-48
Let s(g) = -g**2 + 45*g - 516. Determine s(25).
-16
Let k(w) = 16*w - 1006. What is k(53)?
-158
Let p(t) = 489*t - 7331. Give p(15).
4
Let d(x) = 2139*x + 6415. Determine d(-3).
-2
Let y(p) = 211*p + 8225. Determine y(-39).
-4
Let k(n) = -49*n - 3384. What is k(-69)?
-3
Let y(b) = -645*b - 25830. Determine y(-40).
-30
Let i(r) = 2*r**3 + 21*r**2 - 19*r - 137. What is i(-11)?
-49
Let o(z) = 9*z - 8. What is o(0)?
-8
Let w(p) = -99*p + 7756. Determine w(78).
34
Let p(k) = -6*k + 168. Give p(9).
114
Let k(w) = w**2 + 609*w + 5959. Give k(-10).
-31
Let v(m) = 25*m - 27. What is v(-5)?
-152
Let g(r) = r - 4. Give g(0).
-4
Let t(v) = 68*v**2 - 10*v - 12. Give t(-1).
66
Let c(t) = -2*t**2 + 103*t + 493. What is c(-4)?
49
Let m(b) = -b**3 - 95*b**2 + 189*b - 205. Give m(-97).
280
Let n(d) = -32*d**2 + 1620*d + 616. Calculate n(51).
4
Let j(p) = p**3 - p**2 + 3. Give j(-2).
-9
Let m(k) = 91*k + 2202. Determine m(-24).
18
Let i(k) = -k**3 - 12*k**2 - 28*k - 191. Give i(-11).
-4
Let g(r) = 519*r - 15567. Determine g(30).
3
Let z(v) = 51*v + 267. Determine z(-7).
-90
Let a(y) = -2*y**2 + 23*y + 27. What is a(10)?
57
Let d(y) = 1866*y + 24264. What is d(-13)?
6
Let f(s) = 7*s**2 - 44*s - 414. Determine f(-5).
-19
Let l(r) = -1376*r - 55043. Determine l(-40).
-3
Let b(w) = -3*w - 194. Determine b(14).
-236
Let q(m) = m**3 + 8*m**2 + 4*m - 17. Give q(-8).
-49
Let n(f) = -2*f**3 - 15*f**2 + 425*f - 227. What is n(-19)?
1
Let n(o) = o**3 + 51*o**2 + 99*o + 53. Determine n(-49).
4
Let h(b) = b**3 - 45*b**2 + 450*b + 1. Calculate h(15).
1
Let k(m) = m**2 - 34*m + 13. Give k(34).
13
Let q(l) = l**3 + 41*l**2 + 49*l - 2. Give q(-40).
-362
Let k(q) = q**3 + 32*q**2 + 59*q + 24. What is k(-30)?
54
Let u(k) = -k**2 + 11*k + 220. Give u(-10).
10
Let k(z) = 3*z**2 - 43*z - 430. What is k(21)?
-10
Let u(a) = 5*a**2 - 50*a - 326. What is u(14)?
-46
Let h(c) = -c**2 + 213*c + 3171. Calculate h(-14).
-7
Let s(z) = -3*z**3 + 10*z**2 + 7*z - 32. What is s(4)?
-36
Let p(g) = 72*g - 735. Calculate p(10).
-15
Let z(m) = 4*m**3 + 32*m - 316. What is z(6)?
740
Let s(y) = 18*y - 89. Calculate s(-5).
-179
Let j(t) = 1571*t - 32990. Determine j(21).
1
Let f(b) = b**2 - 34*b - 315. What is f(39)?
-120
Let g(d) = 4*d - 78. What is g(25)?
22
Let w(l) = l**2 - 33*l - 4602. Determine w(-55).
238
Let p(n) = -n**2 + 39*n - 311. Calculate p(13).
27
Let s(q) = -q**3 - 98*q**2 + 216*q + 1601. Calculate s(-100).
1
Let d(l) = 2*l**2 - 209*l - 1352. Give d(-6).
-26
Let l(p) = -p**3 - 89*p**2 - 83*p + 425. Give l(-88).
-15
Let m(o) = o**3 - 7*o**2 + 3*o + 29. Determine m(4).
-7
Let j(f) = -40*f + 633. What is j(26)?
-407
Let c(j) = -4102*j - 4105. Determine c(-1).
-3
Let d(v) = 7*v**2 - 172*v - 525. Determine d(-3).
54
Let r(x) = x**3 + 27*x**2 - 121*x - 38. Determine r(-31).
-131
Let r(g) = -g**3 - 10*g**2 - 18*g + 36. Determine r(-9).
117
Let x(b) = 1093*b + 7666. Determine x(-7).
15
Let s(q) = -q**2 + 28*q - 80. Determine s(25).
-5
Let l(g) = 2*g**3 - 4*g**2 + 16*g - 36. Calculate l(3).
30
Let z(f) = 33*f**3 + 5*f**2 - 55. Calculate z(0).
-55
Let w(y) = -2*y**3 - 60*y**2 - 3*y - 1. What is w(-30)?
89
Let k(h) = -519*h + 2167. Calculate k(4).
91
Let j(i) = -960*i - 38419. Give j(-40).
-19
Let s(y) = -5*y**3 - 36*y**2 - 16*y - 35. What is s(-8)?
349
Let f(k) = 2*k**3 + 139*k**2 + 700*k - 142. Determine f(-64).
114
Let f(i) = -19*i + 657. Give f(38).
-65
Let k(n) = -43*n + 432. Determine k(10).
2
Let h(f) = 87*f + 523. What is h(-4)?
175
Let x(k) = -73*k - 21. What is x(-2)?
125
Let v(r) = -1187*r + 9501. Calculate v(8).
5
Let j(f) = f**3 - 12*f**2 - 2*f. What is j(11)?
-143
Let z(y) = y**3 + 4*y**2 - 29*y - 8. Give z(-7).
48
Let w(g) = g**3 + 31*g**2 + 66*g - 471. Determine w(-28).
33
Let z(m) = 4*m**2 - 307*m + 800. What is z(74)?
-14
Let x(r) = 3*r**2 + 9*r - 404. Give x(10).
-14
Let w(q) = -q**3 + 54*q**2 - 76*q + 1216. Calculate w(53).
-3
Let g(k) = k**2 - 142*k + 1365. Give g(11).
-76
Let j(d) = 3*d**2 + 62*d + 305. Determine j(-12).
-7
Let c(o) = -o**3 - 2*o**2 + 35*o + 32. Calculate c(-9).
284
Let j(n) = -n**2 + 697*n - 5513. Determine j(8).
-1
Let m(z) = 230*z + 878. Give m(-5).
-272
Let g(t) = 4*t**2 - t - 1. What is g(-6)?
149
Let y(z) = 2*z**3 - 187*z**2 + 105*z - 18722. Determine y(94).
-16
Let v(r) = 80*r - 2388. Calculate v(30).
12
Let k(a) = -7*a**2 + 270*a - 1546. Calculate k(7).
1
Let t(h) = -14*h - 97. Calculate t(-14).
99
Let n(j) = -3*j**3 + 37*j**2 - 32*j + 189. Calculate n(12).
-51
Let g(d) = d**3 - 40*d**2 + 102*d + 267. Give g(37).
-66
Let c(g) = g**3 - 29*g**